{"id":13118,"date":"2025-07-12T18:06:20","date_gmt":"2025-07-12T18:06:20","guid":{"rendered":"https:\/\/distracted-darwin.136-243-168-66.plesk.page\/?post_type=product&#038;p=13118"},"modified":"2025-08-27T21:58:34","modified_gmt":"2025-08-27T21:58:34","slug":"syrop-waniliowy-820g","status":"publish","type":"product","link":"https:\/\/distracted-darwin.136-243-168-66.plesk.page\/index.php\/product\/syrop-waniliowy-820g\/","title":{"rendered":"Syrop waniliowy, 850g"},"content":{"rendered":"<p>Syrop waniliowy Royal Vanilla to produkt klasy premium. Nasz syrop wyprodukowany jest z r\u0119cznie wyselekcjonowanych lasek wanilii bourbon \u2013 planifolia. Syrop na bazie surowego cukru trzcinowego i filtrowanej wody charakteryzuje si\u0119 autentycznym, g\u0142\u0119bokim smakiem i aromatem wanilii. Doskonale nadaje si\u0119 do herbaty i kawy, herbaty chai, koktajli, deser\u00f3w, lod\u00f3w, nale\u015bnik\u00f3w.\u00a0 Produkt nale\u017cy przechowywa\u0107 w lod\u00f3wce.<\/p>\n","protected":false},"excerpt":{"rendered":"Syrop waniliowy Royal Vanilla","protected":false},"featured_media":13140,"comment_status":"open","ping_status":"closed","template":"","meta":[],"product_brand":[],"product_cat":[94],"product_tag":[],"class_list":{"0":"post-13118","1":"product","2":"type-product","3":"status-publish","4":"has-post-thumbnail","6":"product_cat-syropy","8":"first","9":"instock","10":"taxable","11":"shipping-taxable","12":"purchasable","13":"product-type-simple"},"_links":{"self":[{"href":"https:\/\/distracted-darwin.136-243-168-66.plesk.page\/index.php\/wp-json\/wp\/v2\/product\/13118","targetHints":{"allow":["GET"]}}],"collection":[{"href":"https:\/\/distracted-darwin.136-243-168-66.plesk.page\/index.php\/wp-json\/wp\/v2\/product"}],"about":[{"href":"https:\/\/distracted-darwin.136-243-168-66.plesk.page\/index.php\/wp-json\/wp\/v2\/types\/product"}],"replies":[{"embeddable":true,"href":"https:\/\/distracted-darwin.136-243-168-66.plesk.page\/index.php\/wp-json\/wp\/v2\/comments?post=13118"}],"wp:featuredmedia":[{"embeddable":true,"href":"https:\/\/distracted-darwin.136-243-168-66.plesk.page\/index.php\/wp-json\/wp\/v2\/media\/13140"}],"wp:attachment":[{"href":"https:\/\/distracted-darwin.136-243-168-66.plesk.page\/index.php\/wp-json\/wp\/v2\/media?parent=13118"}],"wp:term":[{"taxonomy":"product_brand","embeddable":true,"href":"https:\/\/distracted-darwin.136-243-168-66.plesk.page\/index.php\/wp-json\/wp\/v2\/product_brand?post=13118"},{"taxonomy":"product_cat","embeddable":true,"href":"https:\/\/distracted-darwin.136-243-168-66.plesk.page\/index.php\/wp-json\/wp\/v2\/product_cat?post=13118"},{"taxonomy":"product_tag","embeddable":true,"href":"https:\/\/distracted-darwin.136-243-168-66.plesk.page\/index.php\/wp-json\/wp\/v2\/product_tag?post=13118"}],"curies":[{"name":"wp","href":"https:\/\/api.w.org\/{rel}","templated":true}]}}